{"id":292,"date":"2025-12-08T13:21:10","date_gmt":"2025-12-08T12:21:10","guid":{"rendered":"https:\/\/www.evex.cc\/?post_type=product&#038;p=292"},"modified":"2025-12-21T14:48:48","modified_gmt":"2025-12-21T13:48:48","slug":"lichtset-move-2","status":"publish","type":"product","link":"https:\/\/www.evex.cc\/?product=lichtset-move-2","title":{"rendered":"Lichtset &#8211; Move 1"},"content":{"rendered":"<p><strong data-start=\"0\" data-end=\"69\" data-is-only-node=\"\">Licht-Set Move 1 \u2013 Farbintensive Effektbeleuchtung f\u00fcr jede Party<\/strong><br data-start=\"69\" data-end=\"72\" \/>Das Licht-Set Move 1 besteht aus <strong data-start=\"105\" data-end=\"187\">zwei kompakten LED-Effektger\u00e4ten vom Typ <span class=\"hover:entity-accent entity-underline inline cursor-pointer align-baseline\"><span class=\"whitespace-normal\">Cameo Superfly XS<\/span><\/span><\/strong>. Mit kr\u00e4ftigen Farben, rotierenden Mustern und breiter Raumausleuchtung eignet sich dieses Set ideal f\u00fcr Parties, kleine B\u00fchnen oder mobile DJs.<br data-start=\"332\" data-end=\"335\" \/>Aufstellen, anschlie\u00dfen \u2013 und sofort f\u00fcr lebendige, bewegte Lichtstimmung sorgen.<\/p>\n","protected":false},"excerpt":{"rendered":"<p>Kompakter LED-Lichteffekt mit kr\u00e4ftigen Farben und rotierenden Mustern f\u00fcr lebendige Partybeleuchtung.<\/p>\n","protected":false},"featured_media":293,"comment_status":"open","ping_status":"closed","template":"","meta":[],"product_brand":[32],"product_cat":[31],"product_tag":[43],"class_list":{"0":"post-292","1":"product","2":"type-product","3":"status-publish","4":"has-post-thumbnail","6":"product_brand-cameo","7":"product_cat-light","8":"product_tag-effekt-flower","10":"first","11":"instock","12":"virtual","13":"purchasable","14":"product-type-simple"},"_links":{"self":[{"href":"https:\/\/www.evex.cc\/index.php?rest_route=\/wp\/v2\/product\/292","targetHints":{"allow":["GET"]}}],"collection":[{"href":"https:\/\/www.evex.cc\/index.php?rest_route=\/wp\/v2\/product"}],"about":[{"href":"https:\/\/www.evex.cc\/index.php?rest_route=\/wp\/v2\/types\/product"}],"replies":[{"embeddable":true,"href":"https:\/\/www.evex.cc\/index.php?rest_route=%2Fwp%2Fv2%2Fcomments&post=292"}],"wp:featuredmedia":[{"embeddable":true,"href":"https:\/\/www.evex.cc\/index.php?rest_route=\/wp\/v2\/media\/293"}],"wp:attachment":[{"href":"https:\/\/www.evex.cc\/index.php?rest_route=%2Fwp%2Fv2%2Fmedia&parent=292"}],"wp:term":[{"taxonomy":"product_brand","embeddable":true,"href":"https:\/\/www.evex.cc\/index.php?rest_route=%2Fwp%2Fv2%2Fproduct_brand&post=292"},{"taxonomy":"product_cat","embeddable":true,"href":"https:\/\/www.evex.cc\/index.php?rest_route=%2Fwp%2Fv2%2Fproduct_cat&post=292"},{"taxonomy":"product_tag","embeddable":true,"href":"https:\/\/www.evex.cc\/index.php?rest_route=%2Fwp%2Fv2%2Fproduct_tag&post=292"}],"curies":[{"name":"wp","href":"https:\/\/api.w.org\/{rel}","templated":true}]}}