{"id":300,"date":"2025-12-08T13:45:29","date_gmt":"2025-12-08T12:45:29","guid":{"rendered":"https:\/\/www.evex.cc\/?post_type=product&#038;p=300"},"modified":"2025-12-21T15:08:15","modified_gmt":"2025-12-21T14:08:15","slug":"licht-set-static-outdoor","status":"publish","type":"product","link":"https:\/\/www.evex.cc\/?product=licht-set-static-outdoor","title":{"rendered":"Licht Set &#8211; Static Outdoor"},"content":{"rendered":"<p><strong data-start=\"0\" data-end=\"64\" data-is-only-node=\"\">Licht-Set Static Outdoor \u2013 Wetterfeste LED-Power f\u00fcr drau\u00dfen<\/strong><br data-start=\"64\" data-end=\"67\" \/>Das Licht-Set Static Outdoor besteht aus <strong data-start=\"108\" data-end=\"205\">vier robusten, IP-gesch\u00fctzten LED-Scheinwerfern vom Typ <span class=\"hover:entity-accent entity-underline inline cursor-pointer align-baseline\"><span class=\"whitespace-normal\">Ignition 2bright Par 720 IP<\/span><\/span><\/strong>. Ideal f\u00fcr Outdoor-Events, B\u00fchnen oder Dekobeleuchtung, liefert es kr\u00e4ftige Farben und zuverl\u00e4ssige Ausleuchtung \u2013 selbst bei widrigen Wetterbedingungen.<br data-start=\"359\" data-end=\"362\" \/>Schnell aufgebaut, wetterfest und einsatzbereit f\u00fcr jede Open-Air-Veranstaltung.<\/p>\n","protected":false},"excerpt":{"rendered":"<p><strong data-start=\"0\" data-end=\"55\" data-is-only-node=\"\">Wetterfester LED-Spot<\/strong><br data-start=\"55\" data-end=\"58\" \/>Leistungsstarkes, farbintensives Licht f\u00fcr Indoor- und Outdoor-Events. Robust, zuverl\u00e4ssig und sofort einsatzbereit.<\/p>\n","protected":false},"featured_media":303,"comment_status":"open","ping_status":"closed","template":"","meta":[],"product_brand":[35],"product_cat":[31],"product_tag":[46,48],"class_list":{"0":"post-300","1":"product","2":"type-product","3":"status-publish","4":"has-post-thumbnail","6":"product_brand-ignition","7":"product_cat-light","8":"product_tag-led-par","9":"product_tag-outdoor","11":"first","12":"instock","13":"shipping-taxable","14":"purchasable","15":"product-type-simple"},"_links":{"self":[{"href":"https:\/\/www.evex.cc\/index.php?rest_route=\/wp\/v2\/product\/300","targetHints":{"allow":["GET"]}}],"collection":[{"href":"https:\/\/www.evex.cc\/index.php?rest_route=\/wp\/v2\/product"}],"about":[{"href":"https:\/\/www.evex.cc\/index.php?rest_route=\/wp\/v2\/types\/product"}],"replies":[{"embeddable":true,"href":"https:\/\/www.evex.cc\/index.php?rest_route=%2Fwp%2Fv2%2Fcomments&post=300"}],"wp:featuredmedia":[{"embeddable":true,"href":"https:\/\/www.evex.cc\/index.php?rest_route=\/wp\/v2\/media\/303"}],"wp:attachment":[{"href":"https:\/\/www.evex.cc\/index.php?rest_route=%2Fwp%2Fv2%2Fmedia&parent=300"}],"wp:term":[{"taxonomy":"product_brand","embeddable":true,"href":"https:\/\/www.evex.cc\/index.php?rest_route=%2Fwp%2Fv2%2Fproduct_brand&post=300"},{"taxonomy":"product_cat","embeddable":true,"href":"https:\/\/www.evex.cc\/index.php?rest_route=%2Fwp%2Fv2%2Fproduct_cat&post=300"},{"taxonomy":"product_tag","embeddable":true,"href":"https:\/\/www.evex.cc\/index.php?rest_route=%2Fwp%2Fv2%2Fproduct_tag&post=300"}],"curies":[{"name":"wp","href":"https:\/\/api.w.org\/{rel}","templated":true}]}}